 -13*j = -2*g - 14*j + 3582. Let k = 2608 - g. Is k prime?
False
Let w = 182664 - 119747. Is w a composite number?
True
Suppose -3203586 - 700050 = -81*y + 59775. Is y a composite number?
True
Let a be (-1)/3 + (-1)/(-3). Suppose a = 9*u - 32053 + 8356. Is u a prime number?
True
Let s(i) = -6*i**3 - 38*i**2 - 217*i + 29. Is s(-18) a composite number?
True
Suppose -4*d + 10382 + 39358 = 5*x, -3*d + 37328 = -2*x. Suppose d + 1312 = 24*o. Is o a prime number?
False
Let b(a) = -86 + 7*a + 13*a - 9*a. Is b(27) composite?
False
Let d = -67 + 70. Let q(a) = -943*a + 22 + d - 4. Is q(-4) composite?
False
Let d be (1 - 1)/((-7)/14*4). Suppose d*h = -2*h + 576. Suppose 5*p - 1028 = -r + h, 1054 = 4*p + 2*r. Is p composite?
False
Let d(m) = 2*m**2 - 10*m - 48. Let s be d(9). Is (-96342)/s*(-4 - 0) prime?
True
Let y = 310034 + -181023. Is y composite?
False
Suppose 53860058 + 100711983 = -89*r + 310*r. Is r prime?
False
Is (152 - 159)/((-4)/(-14) + 53261/(-186389)) composite?
True
Let n(m) = 2*m**3 - 9*m**2 + 9*m - 17. Let f be n(4). Suppose -l + 222 = 2*a - 5419, f*l = 9. Is a a composite number?
False
Suppose 19178 = 2*c + 2*f, 0 = -4*c + 5*c - 3*f - 9589. Suppose -c = -13*m + 24250. Is m a prime number?
False
Let q(l) = 10816*l - 1483. Is q(5) prime?
False
Let i be (2739/(-22))/(2/(-4)). Suppose 3*m + 4*x = m + 166, 3*m - 4*x = i. Suppose -397 = -4*r - r + 2*c, -4*c - m = -r. Is r a prime number?
True
Suppose -7*o + 15 = -4*o, 3*x - 5*o = 38. Let b be 6/x + (-90876)/(-42). Suppose 2*l = -2*l + b. Is l prime?
True
Let t(h) = 11*h**2 + h - 14. Let s be t(-8). Suppose -3*y + 1801 = 4*v + 437, 2*v = 5*y + s. Is v a prime number?
False
Suppose 0 = 166*m - 171*m + p + 425332, -2*m + 170128 = 2*p. Is m composite?
True
Let y = -871 + 9650. Is y a prime number?
True
Suppose -83479 = -35*s + 181471. Let h = s - -16287. Is h a composite number?
False
Suppose -13015 = 1126*x - 1145*x. Is x prime?
False
Let m(y) = 18*y + 3. Let r be m(2). Let x(l) = -r - 613*l - 36 + 83. Is x(-3) a composite number?
False
Suppose -5*b + 2449109 = 4*z, z - 5*b - 642377 = -30131. Is z composite?
True
Suppose -2*c + 4*n = -36226, 0 = -c - 2*n + 12165 + 5960. Is c composite?
False
Let m = 13609 + -2852. Is m a prime number?
False
Let b(i) = -i**2 + 4. Let c be b(3). Let t be (3985/(-25) - -3)/(1/c). Suppose -263 = -5*x + t. Is x prime?
False
Is ((-614)/10)/(-37 + (-17554992)/(-474460)) prime?
False
Let g(c) = 286*c**2 - 10*c - 6. Let w be g(-3). Suppose 4*r - 566 = 4*y + w, -5*r - 2*y + 3927 = 0. Is r a composite number?
False
Let r(i) = -143721*i + 3311. Is r(-6) a composite number?
False
Let s(n) = -44*n**3 + 2*n**2 + 5*n + 1. Let v be s(3). Let j = 2737 + v. Is j a composite number?
False
Let b = 80 - 62. Is 3*((-64830)/b)/(-5) a composite number?
False
Let h = 126256 - 61337. Is h prime?
True
Let o be (3 - (-1 - -4))/2. Suppose -2*y + 32188 = 4*j - 5*y, -2*j - 5*y + 16094 = o. Is j a prime number?
False
Let r = 291 + 1135. Suppose 0 = 2*j - 3*t + 450 - r, 2*t - 481 = -j. Is j composite?
True
Let r(z) = z**3 - 5*z**2 + 6*z + 6. Let b be r(6). Suppose 5*w = 23 - b. Is (-7603)/w - 8/44 prime?
True
Let d(g) = -g**3 - 4*g**2 + 12*g. Let i be d(-6). Let z be (-4)/(-22) + 675/99. Suppose z*u - 17647 = -i*u. Is u composite?
False
Let i = -189 - -189. Suppose i = -4*x + 4627 - 279. Is x composite?
False
Suppose -10003455 - 6138467 = -32*n - 26*n. Is n composite?
True
Suppose -1521459 - 1034521 = 833*p - 861*p. Is p a composite number?
True
Suppose 8 = -11*i + 13*i. Let l be (i/(-6) - 32/24)/2. Is 5/l - -4 - -788 a prime number?
True
Suppose t - 4*s = 324753, -1298961 = -4*t - 2*s + s. Is t a prime number?
False
Let w be 4 + (-24)/4 - 38. Let x = w + 105. Is ((-2)/(-2))/(5/x) composite?
False
Let w(m) = -2332*m + 25. Let g be w(2). Let x = 2476 - g. Is x prime?
False
Suppose -4647 = -4*p + 277. Let b = -114 + -432. Let q = b + p. Is q a prime number?
False
Let a = 70659 - 36606. Is a a prime number?
False
Suppose -2 = 3*n - 8. Suppose -x = -6*x - n*x. Suppose 49*i - 45*i - 3716 = x. Is i a composite number?
False
Suppose 34*k = 425614 + 456040. Is k composite?
False
Suppose 0 = -99*a + 100*a - 1582. Let r = 2844 - a. Is r composite?
True
Suppose 13*j = 9*j - 3*f + 53, -f = -2*j + 39. Suppose 9*h = j*h + 4864. Let l = h + 1002. Is l a composite number?
True
Suppose 36*h = 69*h - 17*h - 2398928. Is h a composite number?
True
Let f = -44 - -30. Let u(x) = x**3 + 19*x**2 + 7*x - 24. Let k be u(f). Suppose 4*z = 10*z - k. Is z a prime number?
False
Suppose 14*w - 17*w = 0. Let g be -3 + 7 + (-1 - w). Suppose -g*k + 2111 = 452. Is k prime?
False
Let f(p) = -2*p + 12. Let m be f(6). Suppose 1544 = 2*h + 2*h + b, m = 5*h + 3*b - 1930. Let i = h + -52. Is i a prime number?
False
Suppose 8*w = 3*w + 3*a + 625764, 625820 = 5*w + 5*a. Is w prime?
False
Suppose 90 = -4*l + 354. Let b be (-847)/l - 1/6. Let o = b + 75. Is o prime?
False
Suppose 18*c - 210 = -1128. Let o be c/24 - -2 - 1534/16. Let k = 107 - o. Is k composite?
True
Let q = -590 - -600. Suppose -26*x + 316908 = q*x. Is x prime?
True
Let u(n) = -3*n + 23. Let j be u(6). Suppose a + 0 = j. Suppose -b - 2*p = -3*b + 1280, -a*p = 2*b - 1287. Is b a composite number?
False
Suppose -400*g - 6820 = -398*g. Let s = g - -6631. Is s prime?
True
Suppose -45*w - 25320933 + 19594840 = -67713548. Is w prime?
True
Let p(a) = 12*a**2 + 34*a - 4. Let c be p(-14). Suppose -c = -2*r + 212. Is r a composite number?
True
Suppose -119*f + 422597 = -26678344. Is f composite?
True
Let i(x) = 1227*x + 17. Let p = 127 - 121. Is i(p) a composite number?
True
Is (23 - 12) + 238008/6 composite?
False
Suppose -21*y + 16*y + 265 = 0. Let g = y + -61. Is 205*1 + (-10 - g) a composite number?
True
Let s = 975 + -1698. Let o(h) = 316*h - 4. Let a be o(5). Let k = a + s. Is k a composite number?
False
Is 267908/3*((-18)/44)/(102/(-187)) prime?
True
Let g(y) = -34*y**2 - 77*y + 24. Let n be g(19). Let q = 1300 - n. Is q a composite number?
False
Let k = 1419724 + -986373. Is k prime?
True
Let g be -1*543/(-1) + (-4 - -3). Let h = 1081 + g. Suppose -3*c = -0*c - h. Is c a prime number?
True
Let c be 21/28*(-311456)/(-24). Suppose 0 = h + l - 4868, -11*l = 2*h - 8*l - c. Is h composite?
False
Suppose t + 294 = 2*a + 4*t, -2*t + 436 = 3*a. Let x(j) = -57*j + 120. Let m be x(-9). Suppose -3*s + a = -m. Is s a prime number?
False
Suppose 19*d - 2187033 = 16*d + 4*x, 6*d - 3*x - 4374096 = 0. Is d a prime number?
True
Let i(n) = 179*n + 17. Let s(g) = 2*g. Let q(u) = i(u) - 6*s(u). Let v(r) = -500*r - 50. Let h(b) = 17*q(b) + 6*v(b). Is h(-4) a prime number?
False
Let h be 1*2 - (-24)/(6/1). Suppose 11*c = h*c + 935. Is c a prime number?
False
Suppose -6 = 5*d - 21. Suppose -2*i + d*j = 3*i, i - 2*j = 0. Suppose i = 18*v - 13*v - 1945. Is v composite?
False
Let c = 3 + -1. Suppose -1191 = -c*d - 341. Suppose -3*r + 4*r = 2*i + d, 4*r = -4*i + 1712. Is r composite?
True
Let a = 10128 - 2399. Is a prime?
False
Suppose -q - 15076 - 6066 = -2*t, -t = -5*q - 10589. Suppose 4*i - 1427 - t = 0. Is i a prime number?
True
Let u be 0 - (-2 - -1)*881. Let h(w) = -5*w - 17. Let o be h(-5). Let f = o + u. Is f a prime number?
False
Let o(u) be the third derivative of 131*u**5/12 + 29*u**4/24 + 71*u**3/6 - 22*u**2 + 3. Is o(-3) a prime number?
True
Let c(d) = d**2 + 26*d - 31. Let m be c(-26). Let z = 36 + m. Is ((-4 + z - -4) + -4)*2333 a composite number?
False
Let r be (66/(-9) + -4)*-3. Let x = -35 + r. Is (8 - 9)/(x + (-286)/(-287)) composite?
True
Suppose 3*o - 37 = -5*w, -3*o - 5 + 17 = 0. Suppose w*v = -2*g + 6794, 17019 = 35*g - 30*g + 4*v. Is g composite?
False
Let y(x) be the third derivative of 2*x**6/15 - 3*x**4/8 + 2*x**3/3 + 11*x**2. Let r be (-3 - 11/(-3))*63/14. Is y(r) a composite number?
False
Suppose o - 3*x = 4256, -10 + 18 = -4*x. Suppose 1740 = 2*b - o. Is b composite?
True
Let x be 28*1*(0 + (-2)/(-8)). Let g(u) = -x*u + 407*u + 447*u + 5 - 67*u. Is g(1) composite?
True
Let n be ((-190)/(-20))/(-2 + (-3)/(-2)). Let q(i) = -24*i - 41. Is q(n) a composite number?
True
Let i(x) = 768*x - 166. Let t(z) = -256*z + 55. Let d(g) = -4*i(g) - 11*t(g). Is d(-13) composite?
True
Suppose -3*h = 21, 0 = 5*y - 8*h + 10*h - 618491. Is y a prime number?
True
Let x = 10703 + 56790. Is